at is the tens digit of m?
2
Let d be 3/(4 - (-39)/(-12)). Suppose 2*s - 3*c - 10 = 0, 5*s + c - 9 + 1 = 0. Suppose -d*o + 0*m + 293 = -3*m, -6 = s*m. What is the tens digit of o?
7
Let o = 135 - -12534. What is the hundreds digit of o?
6
Let d = -57458 - -95199. What is the units digit of d?
1
Let o be 633/(1/(-3)*0 - 1). Let k = o + 1175. What is the units digit of k?
2
Suppose -75*u + 127845 = -1435230. What is the thousands digit of u?
0
Let x = -60182 - -122407. What is the ten thousands digit of x?
6
Let i be 104 + 6/(-18)*9. Let s = i - -693. What is the hundreds digit of s?
7
Let n(t) = 72*t**2 + 51*t + 283. What is the units digit of n(-5)?
8
Let d(s) = -65*s - 14. Let v be 10/(-35) + (-4 - 4/(-14)). What is the units digit of d(v)?
6
Suppose 5*m - 24 = -3*m. Suppose -2*n - 3 - m = 0. What is the tens digit of (-1)/n + (-623)/(-21)?
3
Suppose h - 66 = -2*n - 0*n, 0 = 2*h + 2*n - 122. Let v = -201 + h. Let y = -34 - v. What is the tens digit of y?
1
Suppose 26*r - 20*r = 54. Suppose 3*v = -3, r*k - 10*k - 5*v + 1015 = 0. What is the tens digit of k?
2
Let c(x) = 37759*x + 891. What is the hundreds digit of c(1)?
6
Suppose -12*o + 138569 - 10933 = 5*o. What is the hundreds digit of o?
5
Let u be (0 - 72)*(-30)/(-40). Let d(v) = -6*v - 12. Let k be d(-2). Let b = k - u. What is the tens digit of b?
5
Let m(a) = -a**2 + 21*a - 6. Suppose -3*u = 3*w + w + 100, -3*u = -2*w - 68. Let x = -21 - w. What is the units digit of m(x)?
2
Let p(a) = 2*a**2 + 15*a - 9. Let j(v) = v**3 - 14*v**2 + 12*v + 15. Let z be j(13). Suppose 3*i + 26 = -r - z*i, -3 = i. What is the tens digit of p(r)?
6
Let u(w) = w**2 + 2*w + 10. Let c = 96 - 103. Let t be u(c). Suppose 3*b - 5*l + t = 634, -4*b + 4*l = -780. What is the tens digit of b?
9
Let r be (-16917)/9 + -5 + (-4)/12. What is the hundreds digit of (1 + (-53)/5)/(58/r)?
3
Suppose -59*a + 103*a - 62*a = -37674. What is the hundreds digit of a?
0
Suppose -4*f + 7*k - 9*k - 8 = 0, -2 = -k. What is the tens digit of (-3286)/f + (-10)/(-15)?
9
Let s = 29903 + -2972. What is the units digit of s?
1
Suppose 14 = x - y + 3, -3*x + 23 = -y. What is the hundreds digit of (36/(-1))/x + 343?
3
What is the thousands digit of 268562/14 + 12/2 + -14?
9
Let i(w) = w**3 - 17*w - 17. Let l = -114 + 123. What is the tens digit of i(l)?
5
What is the hundreds digit of (73/(4161/(-380)))/((-4)/3306)?
5
Let j(n) = n + 49. Suppose -26 = 2*r + 22. Let f be j(r). Suppose -24*p - 157 = -f*p. What is the tens digit of p?
5
Suppose 4*a - 8 = 4*o, -3*o - 2 = -2*a + 2. Suppose -3*f = 3*z - 6*f - 21, 4*z - 5*f - 33 = o. What is the units digit of ((-3)/9*-3)/(z/302)?
1
Let f = 1313 + -627. Let u = f + -343. What is the tens digit of u?
4
Suppose -282*m - 395647 + 2930518 = -1854459. What is the thousands digit of m?
5
Suppose -2*m = m + 129. Suppose -3*x - 5*h = -63 - 71, 3*x = -2*h + 140. Let b = x + m. What is the units digit of b?
5
Let n be -1 - -6 - (1 + 0). Suppose -n*b = -4, 3*b - 7*b = -y + 401. Suppose -6*t - y = -1323. What is the units digit of t?
3
Suppose 0 = -i + 13 + 24. Suppose -i*y = -31*y - 3156. Let v = y + -360. What is the hundreds digit of v?
1
Let q(l) = -l**3 + 26*l**2 - 45*l - 43. Let r be q(24). Let s(v) = 2*v**2 - 21*v + 226. What is the thousands digit of s(r)?
1
Let l(x) = 54*x + 1220. What is the units digit of l(126)?
4
Let g be (18/(-6))/1 - (-8)/2. Let i be (0 - -2)*(2 - g). What is the units digit of -1 + (1/i)/(1/94)?
6
Let c(m) = -2*m**2 - 13*m + 16. Let f(v) = 5*v**2 + 27*v - 33. Let r(u) = -7*c(u) - 3*f(u). Let l be r(9). What is the units digit of (6/(l - -1))/2 + 36?
5
What is the tens digit of 165/(-50)*-1112 + 2 + 52/(-20)?
6
Suppose 0 = 41*f + 7810 - 188374. Let s = -2799 + f. What is the units digit of s?
5
Suppose 0 = 30*x + 2815 + 8885. Let i = 606 + x. What is the tens digit of i?
1
Let a = 1696 - 1081. Let d = 1369 - a. What is the hundreds digit of d?
7
Suppose 0 = -4*r - 2*c - c + 35, -5*r + 4*c = -36. Suppose 2*t - 24 = -5*p - r, 0 = -4*p + t + 5. Suppose 3*b + p*b - 175 = 0. What is the units digit of b?
5
Suppose p + 5*j - 83 = 6*j, -239 = -3*p + j. Suppose -76*s = -p*s + 852. What is the hundreds digit of s?
4
Let v = -17873 - -25389. What is the tens digit of v?
1
Let n(m) be the second derivative of 109*m**3/6 - 13*m**2/2 - 58*m. What is the tens digit of n(5)?
3
Let u(t) = 44*t**2 + 3*t - 6. Suppose 11*q - 10*q - 2 = 0. Let s be u(q). Suppose 4*x - s = -0*x. What is the tens digit of x?
4
Suppose 0 = 4*u - 2432 - 3232. Let s = -828 + u. What is the hundreds digit of s?
5
Suppose 2*j + 20 = 7*j. Suppose r = j*r + 114. Let w = r + 146. What is the units digit of w?
8
What is the units digit of (-44314)/(12/2*51/(-459))?
1
Suppose 2*i - 2*a - 103 = -921, -4*a - 389 = i. Let m = i - -594. Suppose -g + 5*g - m = p, 5*p - 67 = -2*g. What is the units digit of g?
6
Let f(k) = -9*k + 8. Let p be f(2). Let l be (-2)/p - (-4)/(-20). Suppose -2*r - 262 = -2*o - 94, l = 5*o + 4*r - 411. What is the tens digit of o?
8
Suppose 0 = -k + 2*x + 16, -3*x - 18 = -2*k + 9. Let u(a) = 4 - 3 + 2*a**2 + 9 - 5*a. What is the units digit of u(k)?
2
Suppose 0 = -p - 4*p - 3*p. Suppose p*l + 5*j = 4*l - 523, 0 = -l + 4*j + 117. What is the hundreds digit of l?
1
Suppose 7*u = -0*u + 217. Suppose -12143 - 15106 = -u*b. What is the units digit of b?
9
Suppose -1217488 - 1332528 = -112*i. What is the thousands digit of i?
2
Suppose 4*f - 4*z + 2 = 3*f, -3*z = 4*f - 68. Suppose -22*x = -f*x - 12440. What is the thousands digit of x?
1
Suppose 0 = -2*s - 2*k + 1148 + 37082, 2*k - 76458 = -4*s. What is the hundreds digit of s?
1
Let x(f) = 29*f - 158. Let z(s) = -9*s + 53. Let p(t) = 4*x(t) + 11*z(t). What is the hundreds digit of p(9)?
1
Let l(c) = 710 + c**3 - 711 + c - 2*c. Let x be l(-3). What is the tens digit of 64*(0 + x/(-20))?
8
Let p(m) = -m**3 + 12*m**2 - 24*m + 14. Let x = 9 + 1. Let h be p(x). What is the units digit of 0 + h/(-2) + -3?
0
Let t = -374 + 401. Suppose -t*k + 3199 = -20*k. What is the hundreds digit of k?
4
Let y(s) = -s**3 - 10*s**2 - 16*s. Let w be y(-9). Let i = w + -121. Let p = i + 85. What is the tens digit of p?
2
Let t(g) = -g - 1. Let z be t(-3). Suppose 35*a - 1688 = -354*a - 132. Suppose z*h = -5*w + 295, -5*w + 295 = 2*h - a*h. What is the tens digit of w?
5
Let x(j) = 1900*j - 984. What is the hundreds digit of x(3)?
7
Suppose 7*k - 30 = 2*k. Suppose 7*p + k = 4*p. What is the tens digit of (-218)/p - (1 - -1)?
0
Let t(h) = -h**3 - 12*h**2 - 2*h - 10. Let q(c) = c**3 + 12*c**2 + c + 10. Let u(a) = -5*q(a) - 6*t(a). What is the tens digit of u(-10)?
4
Let w(n) = -n**3 + 124*n**2 - 194*n - 1240. What is the thousands digit of w(121)?
9
Let n(u) = -u + 31. Let o be n(6). Let a = 23 - o. What is the units digit of 99 + a + 2 + 2?
1
Suppose 4*p - 4*h = 32164, 3*p + 174*h - 24139 = 169*h. What is the tens digit of p?
4
Let r = 10600 + -6276. What is the hundreds digit of r?
3
Let z(u) = 4*u**3 + 10*u**2 - 14*u - 74. What is the hundreds digit of z(10)?
7
Suppose -3*c = 2*q - 74231, -3*c - 99813 + 25624 = -2*q. What is the tens digit of q?
0
Suppose 3*i - 4*z - 5688 = -0*z, 5*i - 3*z - 9469 = 0. What is the tens digit of i?
9
Let n = 63598 - -1610. What is the hundreds digit of n?
2
Let n(k) = -2512*k - 270. What is the ten thousands digit of n(-6)?
1
Let j = -30 - -37. Suppose 0 = -j*y + 54 - 19. Suppose g + t - 4 + 3 = 0, 0 = y*g - 2*t - 33. What is the units digit of g?
5
Suppose -485*h - 24321 = -488*h. What is the hundreds digit of h?
1
What is the hundreds digit of 33790064/968 + 1/(-11)?
9
Suppose -2*x + 272 = -200. Suppose -11*z - x = -3569. What is the hundreds digit of z?
3
Suppose 15*n = 16*n + 40. Let m = n + 42. What is the units digit of (m/8)/(1/(-1 - -293))?
3
Suppose -4*z + 16 = -33*b + 30*b, b + z - 4 = 0. Suppose 0 = -d - x + 1398, -2*x + 9 - 17 = b. What is the hundreds digit of d?
4
Let o(m) = -m**3 + 15*m**2 - 13*m + 10. Let g be o(14). Suppose -3*i - g = -i. What is the tens digit of 7/(28/i) - -81?
7
Let c = 59901 - 35525. What is the units digit of c?
6
Let a = -177045 + 250891. What is the hundreds digit of a?
8
Let y(o) = -4472*o - 5588. What is the ten thousands digit of y(-6)?
2
Let l(p) = 16*p**2 - 7*p - 1. Let f be l(1). Let x(g) = 10*g**2 + 2